 (25 + -11)) + (-41 - ((10 - 1) + -9))?
-50
Evaluate 1357 - 1377 - (1 + -3 + 2 + -40).
20
What is the value of -34 + (24 - -4 - (16 - -2))?
-24
-3 + (-1 - 4 - (-7 - (8 - (19 - 5))))
-7
45 + 2 - (15 - (10 + 10 + -19))
33
Evaluate (94 - (-75 - -153)) + 76.
92
What is the value of -26 + (-5 + 18 - 11) - -5?
-19
Calculate -79 - (-82 + -67) - 61.
9
Evaluate (0 - (3 + (31 - 17))) + 26.
9
(1 + (1 - 2) - 58) + -156917 + 156900
-75
What is the value of (-1 - 1) + 7 - (-85 + 70 + (3 - -2))?
15
What is the value of 9 + -5 - (-2 - -12 - 15) - -1 - -7?
17
Calculate -14 - -8 - (7 - (35 - 7)) - (-2 + 12).
5
Evaluate 3 + -11 + (-8 - (-1 + 3 - (4 - -5))).
-9
Calculate -21 - ((5 - (0 + 6)) + (-1 - 14) + 14).
-19
What is the value of 28 + 33 + -44 + (0 - 20)?
-3
-19 + 11 + (-37 - -1 - (261 - 276))
-29
What is the value of (-69 + 51 - (4 + 6 - -1)) + -11?
-40
-15 + -110 + 1 - (27 + (-25 - -7) + 2)
-135
Evaluate -2 - (0 + -8 - (2 + 23 + -32)) - -38.
37
What is 5 - (5 - (0 - -5)) - (14 + 96 + -7)?
-98
(-1 - 66) + (8304 - 8229)
8
-46 + 12 + 5 + (73 - 77)
-33
What is (32 - 1) + -600 + 578 + (-1 - -10)?
18
Evaluate -2 - (-3 + 8 + (15 - (13 + -4))).
-13
Evaluate (162 - 92 - 78) + 29.
21
What is -16 - (1 + -5 - (-126 + 104)) - (-10 - 1)?
-23
What is -5 + 47 - ((16 - 8) + 9)?
25
Calculate (-2 + -10 - 3) + 31 + -4.
12
What is (15 + (3 - 3) + 45 - -15) + -2?
73
Calculate (12 - -25 - 52) + 93.
78
What is (-2 - -1) + -34 - (118 + -65 + -65)?
-23
Evaluate -103 - -79 - (-2 - (-4 + (4 - -6) - 0)).
-16
What is the value of 17 - (-16 + -1 + (-40 - -70))?
4
42 + (-76 - (-83 + 99))
-50
What is (137 - (168 + -56)) + 18?
43
What is the value of -11 + (29 - (31 + 9)) - 38?
-60
(6 - -28 - 6) + -4 + (10 - 7)
27
Calculate 87 + (29 + -3 - 7 - 32).
74
What is 32 + -21 + (10 - 4 - 4) + 2?
15
Calculate (-1 - (-19 + 16)) + (-2 - 2 - (-10 + 1)).
7
What is the value of (6 - 26 - -2) + 33 + -63 + 24?
-24
-29 + (-8 + -2 - -75) - -22
58
-16 - -7 - (12 - (-9 + 14 - -6))
-10
What is 38 + (2 - -11 - (38 + -36) - 1)?
48
What is the value of 1 + 6 - 0 - ((-38 - -12) + 61)?
-28
What is the value of -42 + 48 - (-39 - 1) - (-54 + 45)?
55
Evaluate -10 - -160 - 11 - ((38 - 60) + 33).
128
What is (-76 + 57 - -68) + (-4 - -39)?
84
What is (1 - -32) + 150 + -426 + 300?
57
What is 3402 + -3425 - (0 + 63 - 0)?
-86
What is -20 + ((-6 - -18) + 5 - -24)?
21
Calculate (-2 - 34 - (-173 - -173)) + 85.
49
What is the value of 7 + (1 - 2 - 2) + (-1 - -6) + -43?
-34
51 - (0 + 99 + -1)
-47
4 + (-11 - (-5 - (-16 + 10) - -42) - -9)
-41
What is the value of (-15 - (1 + 0)) + (56 - 19) + -31?
-10
Calculate -89 + (29 - 0 - 12 - (-11 - -19 - 2)).
-78
What is 22 + (-19 + 8 + 9 - (0 + 9) - -19)?
30
Calculate -905 - -891 - (-3 - -19).
-30
Evaluate (-7 - (-5 + -2) - 31) + 10 + -13 + -5.
-39
Evaluate 1781 + -1701 + (9 - (-2 - (-4 + 2))).
89
Evaluate (0 - (-51 - -8)) + -11.
32
(-51 - 51) + 20 + 107
25
Evaluate (92 - 89) + -13 + -11.
-21
Calculate (-13 - (-8 + 27)) + -121 + 87.
-66
Calculate 6 + -14 + 111 + (-41 - -9).
71
What is the value of (-23 - (2 + 1)) + (19 - 108 - -85)?
-30
-42 - (-64 - (96 + -96))
22
Calculate (6 - 11 - 17) + 8 - (-35 + 1).
20
-2 + -116 + 0 - (36 + (52 - 101 - -2))
-107
What is -10 - (5 - (-10 + 10)) - (-8 + 10 + 1)?
-18
Calculate 12 + 25 - 23 - 39.
-25
Evaluate 10 - (103 + (-11 - (16 + -27) - 16)).
-77
Evaluate 1 - (5 + 89 - (-13 + (-12 - -16) + 24)).
-78
Calculate -3 + (47 + -1 - 7) + -17 + 19.
38
What is the value of -71 + -70 + (22 - 0) + 0?
-119
Calculate (10 - (110 + -139)) + 95 + 0.
134
(1 - 2 - (-9 + 1 + -16 + 17)) + 15
21
(96 + -55 - 99) + 46
-12
(-7 - (-34 - -11)) + -28 + (32 - -4)
24
What is the value of 9 + 1 + -203 + 191 - -1 - -57?
56
Calculate (-74 - (4 + -56 - 27)) + (-1 - 13).
-9
What is the value of 63 + (25 - 114) + 50?
24
Calculate 209 - 177 - (-3 + 19).
16
Calculate 7 + 14 + 66 - 29.
58
What is the value of (2 - 0) + (20 - (-1 - (-29 - -10))) - 24?
-20
Calculate -79 + 39 + 25 - (0 - (0 + 2)).
-13
Calculate -16 + (-16 + 42 + -20 - 10).
-20
Calculate -12 + (36 - (-163 + 20)) + -41.
126
What is the value of -7 + 34 + 47 + -47?
27
Calculate 15924 - 16046 - (-24 - (1 - 2)).
-99
What is the value of 13 + (24 - 10 - 4) - (-8 + 8 - -2)?
21
Calculate -80 + 59 - (-69 + 27) - (2 + 130).
-111
Evaluate (11 + 1 - 1) + (-30 + -33 - -156).
104
What is the value of -1787 + 1840 + (-17 - 0) + 0?
36
-166 - (64 + -117) - -46
-67
Evaluate 41 - (-79 - -56 - -33 - (-1 - 4)).
26
-10 + -12 + 10 + -2 + 15 - 1
0
What is the value of (35 - -8) + (46 - 75)?
14
What is the value of -8 + (-19 - (12 + -44)) + 1 + 58?
64
Calculate -70 + 65 + (-18 - 64).
-87
What is the value of (33 - ((30 - 56) + 6)) + -11 + 0?
42
What is the value of -342 - -295 - (1 + -4)?
-44
What is the value of 2 + 2 + -1 + 2 - (-46324 - -46352)?
-23
(-13 + 0 - (-13 + -9) - 25) + 10 - -64
58
-3 + -6 + (114 + -117 - (-4 - (2 + 68)))
62
What is (-1 - -5 - -2 - -4) + (1 - -19) - -5?
35
What is the value of 8 + -7 + 5 - (-35 + -2 - -168)?
-125
Evaluate -8669 - -8595 - (-1 - 2 - (5 + -11)).
-77
What is the value of 47 - (-15 - -60) - (-32 - (-5 - -9))?
38
Evaluate -49 + (83 - 27) - -44.
51
Calculate -17582 + 17590 + -1 + 1 + -56.
-48
What is 15 + -4 - (17 + (5 - 1) - (76 - 82))?
-16
23 - (-27 + -3 - -44)
9
Evaluate (-1 - (0 - 7)) + 0 + -15 + -1.
-10
What is the value of 69 - (153 + -114 - (21 - -1))?
52
Evaluate 14 + 2 + (1360 - 1341).
35
What is -54 + -52 + 10 + (-14 - -35)?
-75
What is the value of (-14 - 0) + 8 + -73 + -28 + 53?
-54
What is 42 + 23 + 0 + 286 + -296 + 8?
63
What is the value of 8 + (-3 - 5 - 9) + -16 + 5 + -15?
-35
Evaluate 18 - (33 - 17) - -9 - (0 - 44).
55
What is 18 + -77 + -23 + 54?
-28
What is 41 + (-35 - 6) - (10 - (3 - 3)) - 3?
-13
What is 36 - (48 - 35) - 135?
-112
(-109 - -213) + (4 - (7 + (11 - 4)))
94
Evaluate -17 + (0 - 27 - (537 + -571)).
-10
Calculate -279 - -280 - (4 + 2 + -1 + -21).
17
What is -34 + -2 + 24 + -13 + 8 - 18?
-35
Evaluate (34 - 4) + 3 + 29 + -46 - 45.
-29
What is the value of -46 + 2 + 43 + (62 - 100)?
-39
(-1 + -1 - ((242 - 264) + 13 + 1)) + 10
16
Calculate 31 - (0 - (-16 - -4) - (46 - 36)).
29
Evaluate 2 + -14 - (17 - (-24 + 9)).
-44
Calculate (68 - (-10 - -38) - -84) + -9.
115
-17 - (-11 + -46) - 28
12
What is the value of 0 + 1 - 51 - (-56 - (-49 - -3))?
-40
What is the value of (-62 - (-56 + 11)) + -16?
-33
What is 1 + 2 - (-440 + 455 + (-3 - 19))?
10
Calculate 125 + (-34 - 91) - (2 + -78).
76
What is the value of -25 - -20 - ((-14 - (6 - 5 - 6)) + -46)?
50
What is 74 + -1 - (-78 - 44 - -87)?
108
What is the value of -25 - (-10 + 12 + -75) - -23?
71
What is the value of 6 + (-63 - (7 + -19 - 0 - -14))?
-59
Evaluate 37 - (12 + 46 + -64).
43
What is the value of 12 + (-9 - 3) + (17 - (-11 + 15))?
13
(-15 - (-1 - -4)) + (40 + -9 - -101)
114
What is -8 - (-28 + 49 + -33 - (-34 + 0))?
-30
-53 + 31 + (3 - (2 - 4) - 0)
-17
(-3 - ((-9 - 1) + -4)) + 88 + -124
-25
-7 + -5 + 14 - (-8 + 9 + -15)
16
Calculate -15 - (-12 + 9) - (-22 - 1) - 77.
-66
What is the value of 87 + -90 + 99 + -135?
-39
(-29 - 0) + (30 - 71 - -59)
-11
What is the value of (-83 + 34 + 32 - (-16 - -2)) + -8?
-11
What is (-135 - (-64 - -4)) + 24?
-51
(-83 - 21) + (-15 - -94)
-25
-2 + -6 - 6 - (-129 - -122) - (-1 - 8)
2
What is -37 + (-37 - -32) + 0 + 15?
-27
Evaluate 68 - ((36 - -41) + 32).
-41
-3 - 1 - (-60 + 1) - (-3 - (28 - 24))
62
What is 27 + (-1007 + 979 - (-18 + 1))?
16
What is -127 - -112 - ((-39 - -24) + 5)?
-5
What is -443 + (-217 - -670) - (0 + 0 + 37)?
-27
What is the value of 4 + -5 + (-9 - -1) - (187 + -194) - 12?
-14
(-3 - -4) + 66 + -2 + (20 - (-11 + 26))
70
What is the value of -1141 - -1209 - (-4 - 1)?
73
-6 + (10 - -80) + (2 + -5 + -3 - 1)
77
What is the value of -8 + -28 + 69 + -104?
-71
What is the value of (6 - 6) + (4 - 10 - 20 - (-1 + -2))?
-23
What is (4 - 65 - (-260 + 290)) + (-8 - 1)?
-100
Calculate 14 + 6 + -3 - (-201 + 224).
-6
Calculate 66 - 63 - (26 - 13 - 21).
11
Evaluate -33 + -20 + (-5 - (-22 + 3)) + -11.
-50
What is -37 - (-9 - (2 + -19 + -1)) - (0 + -8)?
-38
Calculate 0 + -4 + 9 + -4 + 6 + -61.
-54
Evaluate 3 - -17 - (-1 + 57 - 62).
26
Evaluate (-5 - (3 - 2 - 8)) + (20 - -9).
31
What is 35 + -104 + -35 - -64?
-40
19 + -43 + (-33 + 15 - 4)
-46
What is -15 - (-14 + 4) - (3 - -12)?
-20
Calculate 16 - (-15 +